 be 24/l + -6 - (-214)/2. Let j = -78 + b. What is the remainder when j is divided by 9?
8
Suppose -4*t + 1489 = 4*t + v, 560 = 3*t + 2*v. What is the remainder when t is divided by 109?
77
Suppose 695*t + 4 = 696*t. Suppose 12*r - 9*r + 6 = 0, -3*r = t*v - 102. What is the remainder when v is divided by 5?
2
Suppose 1262*x = 1268*x - 108. Suppose -x*d + 142 = -16*d. Calculate the remainder when d is divided by 23.
2
Suppose 0 = -b - 2*i + 16, 72*i - 2 = 71*i. Calculate the remainder when ((-714)/2 - 2)*-1 is divided by b.
11
Suppose 3*g = -4*b - 98, 4*g + 4*b + 192 = 56. Let f = -33 - g. Let y = 37 - f. Calculate the remainder when y is divided by 17.
15
Let l(m) = 9*m + 8 + 0 - 1 + m**2 + m**2. Let g be l(-4). Suppose 2*t - 125 = -g*t. What is the remainder when 73 is divided by t?
23
Suppose -h - 2*t + 10 = 0, 5*h + t - 20 = 6*t. Suppose 2*g = 4*n - 10, h*n - 8 = 4*n + 2*g. Let r = n - -34. Calculate the remainder when r is divided by 9.
8
Let z(f) = f**2 + 39*f + 40. Let t be z(-38). What is the remainder when 84 is divided by 1/(99/(-51) + t)?
16
Suppose -3*k + 428 + 106 = 0. Calculate the remainder when k is divided by (264/(-24))/((-66)/60).
8
Let b = -26646 - -27371. What is the remainder when b is divided by 303?
119
Suppose 92 + 753 = 5*s. Suppose 41*l + 192 = 37*l. Let w = l - -82. What is the remainder when s is divided by w?
33
Let n = 71 - 54. Calculate the remainder when 18*15/45 - (-20 - 0) is divided by n.
9
Let r = 9985 + -9873. What is the remainder when 439 is divided by r?
103
Let j be 26 - (12/(-8) + (-9)/(-6)). What is the remainder when 67 is divided by j*5*3/30 - -4?
16
Calculate the remainder when 235 is divided by 764/(-1719) - (-2 + (-2510)/18).
94
Let n(q) = -373*q**3 - 2*q + 0*q + 8*q**2 + 374*q**3 - 8. Suppose -48 = -10*b + 6*b. Calculate the remainder when n(-7) is divided by b.
7
Let d(f) = 87*f - 1405. What is the remainder when d(19) is divided by 71?
35
What is the remainder when 238/168*6*344 is divided by 77?
75
Suppose -2*j = 2*r - 1170 + 250, 0 = -5*j + 4*r + 2327. What is the remainder when j is divided by 71?
37
Let d(y) = -y**3 - y**2 + 7*y + 7. Let c be d(-3). Calculate the remainder when 231/c - 96/128 is divided by 11.
2
Suppose 0 = -j - 6 + 28. Let y(t) = -85*t**2 + 4*t + 3. Let h be y(-3). Calculate the remainder when (-1)/2 - (h/12 + 2) is divided by j.
18
Suppose 25*f - 8728 - 11222 = 0. Calculate the remainder when 3195 is divided by f.
3
Suppose -5*y + 10*y - 55 = 2*d, 3*d - 41 = -2*y. Suppose 0 = 4*v + v + 320. Calculate the remainder when (16/(-32))/(1/v) is divided by y.
6
Suppose 2 = 2*v, -s - 142 = 3*v + 35. What is the remainder when 25 is divided by 12/s*2*-6*5?
1
Suppose -34 = -q + 2*h - 9, -h = -4. Calculate the remainder when 319 is divided by q.
22
Suppose 0 = 2*p - z - 1, 2*z = -2*p + 4*z + 4. What is the remainder when (p/(-3) + -1)/((-131)/45195) is divided by 59?
53
Let a = 482 - 315. Let n be 1/((-14)/525*(-6)/(-4)). What is the remainder when a is divided by (-435)/n - 6/15 - -4?
20
Suppose -300*h - 300*h - 9988 = -58588. Calculate the remainder when 140 is divided by h.
59
Suppose -4*p - 696 = 5*o, -5*p = -p - 5*o + 656. Let r = 274 + p. Calculate the remainder when r is divided by 24.
9
Let j be (-2)/(-3 + (-6843)/(-2283)). Suppose -4*h + 1552 = 4*g, -2*h - 9*g = -4*g - j. Calculate the remainder when h is divided by 18.
15
What is the remainder when 109 - ((-1)/(-1) + 0) is divided by (-2706)/1230*(560/(-196))/((-4)/(-14))?
20
Let m = -10637 + 10647. Suppose 0 = 4*b - 0*s - 2*s + 154, -139 = 4*b + s. Let l = 81 + b. What is the remainder when l is divided by m?
5
Let l = 17 + -2. Suppose -27*w = 944 - 2591. What is the remainder when w is divided by -5*(18/l - 4)?
5
Let c = -86 - -86. Suppose -9*g - 8*g + 1173 = c. Calculate the remainder when g is divided by 14.
13
Suppose -5*m + 425 = -10*m - 5*t, -2*t = -3*m - 265. Let o = m + 106. Suppose -g + 26 = o. Calculate the remainder when 23 is divided by g.
2
Suppose 4*x = -5*z + 303 + 386, -2*x = -12. Calculate the remainder when 397 is divided by z.
131
Let v = 80 - 45. Let a be (316/3)/((-10)/15). Let z = a + 168. Calculate the remainder when v is divided by z.
5
Suppose 18*o - 378 = -324. Let h(n) be the second derivative of 4*n**3/3 - 3*n**2 - 2*n. What is the remainder when 30 is divided by h(o)?
12
Let g(f) = 41*f - 13. Suppose b + z + 1 = 0, 4*b + z + 4*z + 7 = 0. Calculate the remainder when g(b) is divided by 14.
13
Let t = 360 - 193. Let h(a) = 11*a + 3. Let q(w) = 1. Let d(c) = h(c) - 5*q(c). What is the remainder when t is divided by d(4)?
41
Let m(u) = -u**2 - 22*u - 80. Let w be m(-6). Suppose -30 = -w*b + 11*b. What is the remainder when 21 is divided by b?
3
Let l = -7264 + 7281. What is the remainder when l is divided by 14?
3
Suppose -7*c + 10 + 11 = 0. Suppose -c = -2*a + a. What is the remainder when (-27)/(a*(-4)/24) is divided by 14?
12
Let b = -49 - -11. Let i = -35 - -45. What is the remainder when (0 - b - -3) + (5 - 8) is divided by i?
8
Suppose -26*k = -18*k + 192. What is the remainder when 179 is divided by (4 - (3 - 1)) + (10 - k)?
35
Let m(g) = -g**3 - 96*g**2 - 8*g - 590. What is the remainder when m(-96) is divided by 11?
2
Let c = 2459 - 2450. Calculate the remainder when 44 is divided by c.
8
Let y = 1819 + -1262. Let g = y + -415. What is the remainder when g is divided by 41?
19
Calculate the remainder when 336 - (-37 - (-36)/2) is divided by 7.
5
Let d be -23 - (-5)/((-5)/2). What is the remainder when 118 is divided by (16/10)/((-5)/d)?
6
Suppose -31*f = -9*f - 6028. Let j = f - 248. What is the remainder when 206 is divided by j?
24
Suppose 3*f - 77 = -5*m, -m = -4*f + 30 - 50. What is the remainder when 4735 is divided by m?
15
Let q(h) = -3*h - 33. Let w be q(-14). Suppose -w*t + 554 = -4. Let x = 65 - t. Calculate the remainder when 12 is divided by x.
0
Let c = 240 - 247. Calculate the remainder when (6 + c)/(5/(-275)) is divided by 8.
7
Let p = 4 - -22. Suppose n + 8 = p. Suppose n*o - 21*o + 48 = 0. Calculate the remainder when 76 is divided by o.
12
Let t(w) = -w**3 + 3*w**2 + 7*w + 7. Suppose 8*x - 5*x = 4*k + 3, x + 12 = -3*k. Calculate the remainder when 116 is divided by t(x).
36
Suppose 0 = 3*l + w - 213, 4*l - 286 = -2*w - 0*w. Calculate the remainder when l is divided by ((-288)/(-176))/(99/726).
10
Suppose -5*p + 242 + 36 = 3*j, 0 = 5*p - 2*j - 298. Calculate the remainder when 128 is divided by p.
12
Suppose 0 = 2*d - 6 - 2. Let h = 7 + d. Let c(q) = 5*q**3 + 27*q**2 + 2*q - 70. Calculate the remainder when c(-3) is divided by h.
10
Let f(y) = -141*y + 1501. What is the remainder when 1544 is divided by f(10)?
88
What is the remainder when 2659 is divided by (23 - 2) + 5 + -4?
19
Suppose -5*u + 2*y + 37 = -91, -132 = -5*u - 2*y. Suppose 15*g = -28*g + 416 + 1132. Calculate the remainder when g is divided by u.
10
Let p = 158 - 70. Suppose -5*t = -67 - p. Calculate the remainder when (35/(-28))/(2*3/(-888)) is divided by t.
30
Suppose 229694 = 172*t + 89*t - 67324. What is the remainder when t is divided by 80?
18
Let b(v) = 22*v**2 - 4*v - 6. Let j = 3533 - 3470. Calculate the remainder when b(-5) is divided by j.
60
Let j = -5771 + 5875. Calculate the remainder when 624 is divided by j.
0
Let m(u) = -30*u**3 - 2*u**2 - 3*u + 6. Let h be m(-3). Suppose 4*l = -14*j + 9*j + 1345, h = 3*j - l. Calculate the remainder when j is divided by 68.
65
Suppose -26*s + 336 - 381 = -981. Calculate the remainder when s is divided by 7.
1
Let l = 362 - 357. Suppose l*z - 17 = -4*w + 2, 4*z + 2*w = 20. What is the remainder when 28 is divided by z?
0
Let d(q) = -2*q**2 + 246*q - 417. What is the remainder when d(120) is divided by 96?
15
Suppose h = 5*w + 35, -2*h + 59 = -5*w - 6. Suppose 2*x - 3*i - 2*i = 107, -149 = -3*x - 4*i. What is the remainder when x is divided by h?
21
Suppose -162*k + 27956 = -12208 + 10518. Calculate the remainder when k is divided by 58.
9
Suppose 3457 = 34*o - 1711. Suppose -4*l - 4*a = -o, 5*l - a - 168 = 10. What is the remainder when 124 is divided by l?
16
Let y(r) = 233*r**2 - 152*r + 300. What is the remainder when y(2) is divided by 302?
22
Suppose w + 5*z - 997 - 64 = 0, z = -2*w + 2059. Calculate the remainder when w is divided by 27.
0
Suppos